.
-1402004
-356200 (base 7) to base 16
-fc46
What is -23490 (base 10) in base 16?
-5bc2
Convert 133240003 (base 5) to base 8.
2461264
-8b96b (base 14) to base 12
-14448b
1f3131 (base 16) to base 8
7630461
What is -3676632 (base 12) in base 10?
-10607366
Convert 20030301030 (base 4) to base 16.
20cc4c
What is -9019622 (base 10) in base 3?
-121222020121002
What is 4241243001 (base 5) in base 4?
202010122321
108060a (base 15) to base 9
24170371
Convert 36b9a6 (base 13) to base 15.
1ad6e9
-176808 (base 9) to base 4
-122312312
21255156 (base 7) to base 13
4b5aab
What is -2977a7 (base 11) in base 2?
-1110001010100011000
What is -34244133 (base 5) in base 12?
-129220
Convert 533826 (base 12) to base 10.
1312734
Convert 1001011100010000000 (base 2) to base 6.
10344144
What is 701028 (base 9) in base 7?
3343166
What is -15236514 (base 8) in base 13?
-952174
-551423 (base 6) to base 7
-250224
Convert -39114 (base 10) to base 2.
-1001100011001010
What is -173ed8 (base 16) in base 8?
-5637330
Convert 496213a (base 12) to base 11.
8095482
What is 6214241 (base 7) in base 4?
2311133300
What is 1da55cb (base 14) in base 3?
1001002000210020
74596 (base 11) to base 10
108521
What is 10001101001001110110 (base 2) in base 11?
365426
What is -122104134 (base 6) in base 7?
-25621345
48dd (base 15) to base 14
591a
42442132 (base 5) to base 14
94bbc
Convert -10010102322 (base 4) to base 7.
-12030240
-21412210 (base 5) to base 8
-551731
1f66c1 (base 16) to base 15
2a9b4b
-42261 (base 11) to base 13
-22016
76269 (base 10) to base 3
10212121210
Convert -2762 (base 14) to base 12.
-402a
Convert 200012011 (base 4) to base 5.
13201321
2179017 (base 11) to base 6
213502545
-10000011110100100 (base 2) to base 14
-1a84c
What is -12034210303 (base 5) in base 10?
-13975703
167071 (base 8) to base 5
3422420
-13172305 (base 9) to base 11
-3729562
What is -1a34170 (base 11) in base 9?
-6410135
Convert -2a658 (base 12) to base 8.
-164444
-2102324 (base 10) to base 12
-854758
Convert 470106 (base 8) to base 14.
42354
110111110111010001 (base 2) to base 12
b0501
110a88 (base 13) to base 15
7e021
7963a2 (base 14) to base 8
17575732
32622 (base 9) to base 10
21647
What is -9da113 (base 14) in base 11?
-3036735
-1a6251 (base 12) to base 8
-1617735
Convert 132950 (base 10) to base 8.
403526
Convert -5ab6c3 (base 13) to base 10.
-2167415
What is -340234312 (base 5) in base 10?
-1493082
What is -193cb (base 16) in base 6?
-2114323
Convert 101100100100100000100000 (base 2) to base 12.
3ab5600
-42221421 (base 5) to base 14
-92142
146a2 (base 15) to base 10
65627
Convert -104113344 (base 5) to base 6.
-13445205
-4410155 (base 6) to base 4
-311133113
What is 6ff82 (base 16) in base 4?
1233332002
Convert 3151317 (base 9) to base 11.
a52657
-299d9 (base 14) to base 13
-38143
What is -d5a4 (base 14) in base 12?
-19364
-113155 (base 14) to base 8
-2166047
What is 15820916 (base 10) in base 13?
337c1b7
What is -1515143 (base 11) in base 3?
-11220000011121
689331 (base 16) to base 9
13805116
What is cc1d7a (base 15) in base 12?
3310867
Convert -14242017 (base 8) to base 14.
-6008c7
Convert 1044733 (base 10) to base 13.
2a76b1
Convert 266292 (base 10) to base 7.
2156235
What is 20132324 (base 5) in base 9?
265583
Convert 2bebc (base 16) to base 13.
63b66
-241344445 (base 6) to base 9
-8512472
What is -10012601 (base 8) in base 7?
-23605124
What is 1802334 (base 11) in base 13?
83325a
What is a41680 (base 12) in base 14?
4b005a
Convert 17a6058 (base 11) to base 12.
1033001
What is -123205022 (base 6) in base 8?
-11107706
20102021303 (base 4) to base 16
212273
What is -21022221202 (base 3) in base 2?
-100011001110110100
-13103434 (base 7) to base 9
-2220544
-22010310 (base 4) to base 2
-1010000100110100
-150482 (base 13) to base 3
-222011021122
-20112202112 (base 3) to base 2
-11111011101011010
What is -2031300 (base 8) in base 13?
-15a723
What is 8998521 (base 11) in base 8?
74107000
322410 (base 5) to base 3
120001200
What is -17460352 (base 8) in base 12?
-1451922
-100120222201201 (base 3) to base 14
-969a96
What is -2375475 (base 8) in base 4?
-2133230331
Convert -841425 (base 12) to base 13.
-578b82
What is -96324 (base 10) in base 12?
-478b0
262b7a (base 16) to base 2
1001100010101101111010
15423761 (base 9) to base 5
3432123201
cb34a3 (base 13) to base 14
8c4cc7
79b71 (base 12) to base 16
27a45
82113 (base 12) to base 13
5c1c9
Convert 22123 (base 13) to base 8.
170422
-43035535 (base 6) to base 7
-13515464
-224546 (base 9) to base 5
-13301313
-63977a (base 11) to base 9
-1828434
What is 30304203 (base 5) in base 3?
110102010021
What is -42594 (base 12) in base 11?
-5a5a2
210501 (base 8) to base 16
11141
What is 616245 (base 8) in base 5?
23011231
Convert 168064 (base 11) to base 5.
31301430
-3004467 (base 11) to base 10
-5320564
What is 954a9 (base 11) in base 6?
2551351
-3033524 (base 6) to base 16
-2353c
Convert 10110011111100010 (base 2) to base 10.
92130
What is -28832 (base 9) in base 10?
-19631
Convert a4274 (base 15) to base 14.
d788d
-509996 (base 13) to base 2
-111001010011101111010
12201202200 (base 3) to base 16
1b8b8
Convert 17200067 (base 8) to base 3.
21112002212212
-10432430 (base 5) to base 11
-63853
Convert 10794 (base 11) to base 3.
210101110
Convert -110102210100 (base 3) to base 11.
-157a08
What is -610a6 (base 13) in base 8?
-523203
-128697 (base 15) to base 12
-36a651
-61b85 (base 14) to base 13
-83275
Convert 23576 (base 11) to base 2.
1000010010101011
-d3022c (base 14) to base 9
-14332452
-15b7d30 (base 14) to base 16
-a2b476
Convert 100011010010111010011000 (base 2) to base 15.
c2b739
Convert -b1c95b (base 13) to base 11.
-2379004
What is 263b0 (base 13) in base 7?
413602
Convert -472457 (base 9) to base 2.
-1000101010100110101
What is aedfc (base 16) in base 9?
1311501
What is 100033103 (base 6) in base 10?
1684191
1545305 (base 7) to base 14
57975
What is 201012111021 (base 3) in base 7?
3132661
-33131312300 (base 4) to base 13
-abc5a8
What is 2022012020 (base 3) in base 11?
31078
-5262a (base 13) to base 8
-441431
66413605 (base 7) to base 15
77e3c4
What is 34412b (base 12) in base 10?
836531
178568 (base 12) to base 14
a8ca4
Convert 2744aaa (base 14) to base 8.
110342776
2c58 (base 14) to base 8
17356
Convert -1122400013 (base 5) to base 9.
-4706337
What is 112113232 (base 4) in base 2?
10110010111101110
320112202 (base 4) to base 14
60190
What is -7041301 (base 8) in base 2?
-111000100001011000001
What is 352165 (base 7) in base 8?
173350
607545 (base 8) to base 2
110000111101100101
2a3072 (base 11) to base 14
c4320
What is 11103001313 (base 4) in base 5?
323414123
Convert 4413091 (base 10) to base 16.
4356a3
-11100111111100111 (base 2) to base 15
-252c4
18a6228 (base 11) to base 5
1310332022
What is -1253232314 (base 6) in base 4?
-321031101112
What is -3004101301 (base 5) in base 4?
-112212211101
Convert 1000101001101101000111 (base 2) to base 12.
91459b
Convert 52145673 (base 8) to base 5.
10312442303
What is 1122110031 (base 4) in base 9?
623406
-1110100011101111 (base 2) to base 7
-335565
Convert -893b3d (base 14) to base 3.
-22202200122101
What is -23422131 (base 5) in base 6?
-4353222
-1062610 (base 8) to base 3
-112122020201
-12132214 (base 5) to base 4
-123333330
2250105 (base 6) to base 14
3009b
What is 230021 (base 5) in base 10?
8136
Convert 342133342 (base 5) to base 12.
614321
Convert 222112303 (base 4) to base 5.
21022431
Convert -125978 (base 12) to base 10.
-300332
180664 (base 11) to base 7
2241224
-3843199 (base 10) to base 16
-3aa47f
What is 715131 (base 8) in base 15?
49e66
Convert a023 (base 14) to base 10.
27471
What is -a455a (base 11) in base 5?
-14334104
a6132a (base 11) to base 6
100234430
What is -301033321 (base 4) in base 11?
-128613
What is -3052665 (base 9) in base 3?
-10001202202012
-1010010111011011111 (base 2) to base 8
-1227337
-17cb5b (base 13) to base 15
-bc97e
22210102120 (base 3) to base 12
841b9
Convert 1124165 (base 7) to base 4.
202112312
Convert -11120012020120 (base 3) to base 12.
-98b313
Convert -de82 (base 16) to base 13.
-1cc09
What is a60d87 (base 14) in base 2?
10101011001111110001011
Convert -1220313 (base 4) to base 12.
-3a73
-4080752 (base 9) to base 15
-2d08cb
Convert -3444353 (base 6) to base 5.
-21133021
